/t. Suppose -g = -r + 1. Calculate the remainder when r is divided by 4.
2
Let o = 14 + 11. Let d(q) = -q + 34. Let z be d(25). Suppose c = -4*k - 7, 0 = -3*c - k - z + 32. Calculate the remainder when o is divided by c.
7
Suppose m + 1 = -1. Let j be (-1)/m*(24 - -2). Let s = 2 + j. What is the remainder when s is divided by 8?
7
Suppose 0 = -3*p - 9 + 3, -3*m + 565 = p. Suppose 4*v - 3*z - 252 = z, 0 = -3*v - 2*z + m. Calculate the remainder when v is divided by 22.
19
What is the remainder when 12/2*-1 - -52 is divided by 7?
4
Suppose -6*s + 85 = -101. Suppose -l = -3*x + 10, -5*l = 5*x - x - 26. Let j(r) = 62*r - 1. Calculate the remainder when j(l) is divided by s.
30
Suppose -w - 5*c + 122 = 0, w = 4*c + 94 + 46. Calculate the remainder when 255 is divided by w.
123
Let v = -19 + 7. Let s = 3 - v. What is the remainder when 84*1*3/(-18)*-2 is divided by s?
13
Let q = 6 + -13. Let r = 594 - 580. Calculate the remainder when r is divided by (-26)/q - 6/(-21).
2
Let c(r) = 8*r + 8. Let h be c(12). Let w = h + 13. Calculate the remainder when w is divided by 12.
9
Let l be 21 - 2 - (1 + -3). Let c be (2/(-3))/(14/l). What is the remainder when 43 - ((-3)/c + -3) is divided by 11?
10
What is the remainder when ((-2232)/(-27))/((-1)/(-3)) is divided by 28?
24
Let n(l) = l + 8. Let i = -13 + 7. Let k be n(i). Calculate the remainder when 57 is divided by k - 0 - 26/(-2).
12
Let i(f) = -f**3 + 9*f**2 - 4*f + 9. Let z = 27 - 19. Let r = 376 - 365. Calculate the remainder when i(z) is divided by r.
8
Let u = 117 - 117. Suppose -461 = -5*p - 2*l - 2*l, 4*l + 469 = 5*p. Suppose 4*i - p - 63 = u. Calculate the remainder when i is divided by 14.
11
Let c(l) = l**3 - 8*l**2 - 39*l + 88. What is the remainder when 614 is divided by c(11)?
20
Suppose -41*w + 192 = -218. Calculate the remainder when 356/10 - (-2)/5 is divided by w.
6
Calculate the remainder when 252 is divided by (1/3)/(27/405).
2
Let t = 431 - -195. What is the remainder when t is divided by 37?
34
Suppose 11*c + 16 = 15*c. Suppose 0 = c*f - d - 29, 0*f + 23 = f + 5*d. Suppose -4*w = u - 2*u, -2*u = -4*w - f. Calculate the remainder when u is divided by 3.
2
Suppose 0 = y - 2*y + 3*l - 1, 4*y + 4*l = 60. What is the remainder when (-215)/(-10) - 6/12 is divided by y?
10
Calculate the remainder when -2 + (140/(-2))/(-1) is divided by 1400/56 + 1/(-1).
20
Let k be (3/(-6)*-6)/(-1) - 87. Let r = 32 - k. Calculate the remainder when r is divided by 25.
22
Suppose 0 = -49*c + 58*c - 1521. Calculate the remainder when c is divided by 20.
9
Calculate the remainder when -2 + (-8 + 0 - -71) is divided by 47.
14
Let o(d) = 74 + d - 14 + 0*d - 1. Calculate the remainder when 96 is divided by o(-9).
46
Let o = 632 - 546. What is the remainder when o is divided by 77?
9
Let d = -5 + 7. Suppose -3*g = -2*f + 46, -5*f - d*g + 45 = -32. Let u = f - 10. What is the remainder when u is divided by 2?
1
What is the remainder when 249 is divided by (-534)/(-15) + (-2)/(-5)?
33
Suppose -15 = 2*j - 17. Let k = j + -6. Calculate the remainder when 9 is divided by ((-8)/10)/2*k.
1
Suppose -4*p + 6*p + 2*n - 14 = 0, 32 = 5*p + 4*n. Suppose -380 = -0*u - p*u. What is the remainder when u is divided by 12?
11
Let w = -2278 - -2294. Let j(x) be the second derivative of -x**5/10 - x**4/6 + x**3/2 + 3*x**2/2 - x. Calculate the remainder when j(-3) is divided by w.
14
Suppose 3*h - 7 = -2*v, 2*h + 5 = 2*v + 7*h. Let a(o) = o**3 - 4*o**2 - 12. Calculate the remainder when a(v) is divided by 9.
4
Let c(p) = -23*p**2 + 2*p - 2. Let t be c(2). Let k = t - -133. Let v = -20 + 42. Calculate the remainder when k is divided by v.
21
Let z = -53 - -12. Let o = -23 - z. Calculate the remainder when o is divided by 4.
2
Suppose 4*c - 2*h - 208 = 0, -2*h - 86 = -3*c + 70. Calculate the remainder when 65 is divided by c.
13
Suppose -5 = -5*f + v - 0*v, 5 = -v. Suppose 2*z - b = 6, z = 6*b - 11*b + 25. What is the remainder when 38/2 + (0 - f) is divided by z?
4
What is the remainder when (-19 + -33)/(2*-1) is divided by 17?
9
Let l = 2 + 13. Suppose 6*j - l*j + 378 = 0. Calculate the remainder when 124 is divided by j.
40
Suppose -582*g = -580*g - 76. Calculate the remainder when 119 is divided by g.
5
Let o = -343 - -413. What is the remainder when o is divided by 25?
20
Let k be 4 - -6 - (4 - 0). Let u be 1/(7/k + -1). Let t(j) = -j**3 + 7*j**2 - 2*j + 5. Calculate the remainder when t(u) is divided by 10.
9
Let c = -364 - -468. Suppose 4*o = -h + 2*h + 144, 55 = o - 5*h. What is the remainder when c is divided by o?
34
Let k = 165 + -146. Calculate the remainder when 35 is divided by k.
16
Let k(g) = -g - 7. Let j be k(0). Let z = -3 - j. Suppose -z*m = -m - 63. What is the remainder when m is divided by 6?
3
Let h(j) = 6*j**2 - 9*j - j**3 - 4*j**2 - 3 - 6*j**2 - 3*j**2. Calculate the remainder when h(-6) is divided by 6.
3
Let b(p) = 238*p - 62. Calculate the remainder when b(1) is divided by 18.
14
Let u = 136 + -73. Let z = -458 - -295. Let b = -152 - z. What is the remainder when u is divided by b?
8
Suppose -v = 4*j - 168, -3*v + 2*j = -j - 564. Calculate the remainder when v is divided by 93.
91
Let j(d) = -d**2 - 6*d - 5. Let p be j(-6). Let z = p - -13. Calculate the remainder when 45 is divided by z.
5
Suppose 5 = k - 0. Suppose 5*n + z - 3*z = 27, -28 = -k*n + 3*z. Calculate the remainder when 19 is divided by n.
4
Let p = -26 + 11. Let r(k) = k**2 - 22*k + 124. Calculate the remainder when ((-10)/(-6))/((-1)/p) is divided by r(9).
4
Suppose 0 = 5*h - 0*h - 180. Let c = -12 + h. What is the remainder when 93 is divided by c?
21
Let h = 537 + -525. Suppose -7*b = -4*b - 9. Suppose b*z - z - 42 = 0. Calculate the remainder when z is divided by h.
9
What is the remainder when ((-4)/18)/((-13)/195)*6 is divided by 7?
6
Suppose 3*x + k = 8*x - 62, -5*k = x - 2. Let y be (-12)/5 + 3/(-5). Calculate the remainder when x is divided by (-60)/4*1/y.
2
Let f(w) = 24*w**3 - w. Let z(k) = k**2 - 18*k + 12. Let o be z(18). Calculate the remainder when f(1) is divided by 1*-7*o/(-14).
5
Suppose -7*q + 2 = -278. Let u = q + -32. What is the remainder when u is divided by 3?
2
Let b(r) = -r**3 + 4*r**2 + 7*r - 2. Suppose 0 = -3151*m + 3152*m - 37. What is the remainder when m is divided by b(5)?
5
Let p(q) be the first derivative of q**5/60 - q**4/24 - q**3 + 2. Let j(d) be the third derivative of p(d). Calculate the remainder when 21 is divided by j(6).
10
Suppose -835 + 97 = -3*s. Calculate the remainder when (-2 + 1)/((15/(-5))/s) is divided by 14.
12
Let y(q) = -q**3 - 10*q**2 + 51*q + 40. What is the remainder when y(-14) is divided by 13?
6
Let y = -43 + 152. Calculate the remainder when y is divided by 11.
10
Suppose 4*b + 14 = 170. Suppose 3*w = 2*r - 0*r - b, 29 = 2*r - w. What is the remainder when 57 is divided by r?
9
Calculate the remainder when 3 - (0 - 11/((-44)/(-944))) is divided by 41.
34
Let p be 2/3 + 16/(-24). Suppose -4*j - 93 = -3*i, -i + p*j = 2*j - 21. Calculate the remainder when 80 is divided by i.
26
Calculate the remainder when 189 is divided by 46/161 - (-813)/21.
33
Let i(t) = -t**3 + 3*t**2 + 4*t. Suppose -v - v + 94 = 0. What is the remainder when v is divided by i(3)?
11
Suppose 1727*f - 3759 = 1720*f. Calculate the remainder when f is divided by 30.
27
Suppose 45 = 3*k + 2*k. Let b = 1222 + -1205. Calculate the remainder when b is divided by k.
8
Let p(n) = n**3 - 6*n**2 + 4*n + 6. Let u be p(6). Suppose 0 = -3*a + 4*a + u. Calculate the remainder when 18 is divided by a/4*(-40)/30.
8
Let i(f) = 3*f**3 - 4*f**2 + 23. Calculate the remainder when i(4) is divided by 32.
23
Suppose 5*m + 50 = -2*c + 104, 8 = -4*m. What is the remainder when 2687 is divided by c?
31
Let z(i) = -i**2 - i + 483. Let c be z(0). Suppose -c = 5*v - 1208. Suppose 6*o - o = v. Calculate the remainder when o is divided by 15.
14
Let k = 2 + -5. Let z = 50 - k. Let u(c) = -c**2 - 18*c - 18. Calculate the remainder when z is divided by u(-16).
11
Let f be 4 - 150/4*-2. Let q = f - 4. Calculate the remainder when q is divided by 19.
18
Suppose 32*j - 2*t = 28*j + 100, 2*t - 8 = 0. Calculate the remainder when 510 is divided by j.
24
Suppose -32 = -n + 3*l, -5*n + 149 = -6*l + 2*l. Let c = 457 + -445. What is the remainder when 